ens digit of a(29)?
4
Suppose -3*t + 5*s - 2 + 13 = 0, 0 = -3*t - 5*s + 31. Let l(n) = 13*n - 4. Let i be l(t). Suppose 5*v = 118 + i. What is the units digit of v?
1
Suppose a + 160 = -n, -161 = a - 4*n + 6*n. Let o be (a/(-2))/(2/4). Suppose 0*i = 4*i - 5*f - 119, -3*f + o = 4*i. What is the tens digit of i?
3
Suppose 8*r + 108 = -10*r. Let n(t) = t**3 + 7*t**2 + 6*t + 2. Let d be n(-5). Let v = d + r. What is the units digit of v?
6
What is the thousands digit of 2/8 + 118710/72?
1
Suppose 0 = -4*z + 12, z + 264 = u - 461. Suppose -1522 - u = -18*y. What is the hundreds digit of y?
1
Suppose -4*c + 25 = c. Suppose c*n + 6*k + 24 = 2*k, 0 = -3*n + 4*k - 8. What is the units digit of (n - -8) + -2 + 1?
3
Let o = -28 + 30. Suppose 2*a = -o*l + a + 35, l - 3*a = 0. What is the units digit of l?
5
Suppose -14 = -5*y - 4. Let d = y + 8. What is the tens digit of d?
1
Suppose s + 5*x = 15, -5*s - 1 - 2 = -x. Let r(l) = l + 5. Let z be r(s). Suppose -12 = -2*u + 4*h, -4*u - 3*h + 42 = -z*h. What is the tens digit of u?
1
Let m(t) = -8*t. Let f be m(-1). Suppose -4*c - 730 + 730 = 0. Suppose c = -4*s - 2*z - f + 150, 3*z + 39 = s. What is the units digit of s?
6
Suppose 4*j = 10*j - 108. Let b = j + -4. What is the tens digit of b?
1
What is the thousands digit of (5 - 4) + 72/(-12) + 5426?
5
Let z(q) = 320*q - 16. Let s be z(3). What is the tens digit of (s/32)/(2 - 3/2)?
5
Suppose -4437 = -40*u + 53443. What is the hundreds digit of u?
4
Suppose 44226 = 8*k + 18*k. What is the tens digit of k?
0
Let z(v) = -68*v**3 + 4*v**2 - 2*v. Let q(p) = -34*p**3 + 2*p**2 - p. Let a(s) = -7*q(s) + 3*z(s). What is the tens digit of a(1)?
3
Let d = 20 - 12. What is the units digit of 52/d - 1/(-2)?
7
Let f be 2200/18 - 2/(-63)*-7. Suppose 2*c - f = -0*c. What is the units digit of c?
1
Suppose 0 = 8*q - 18561 + 3825. What is the hundreds digit of q?
8
Let z(r) = -r**3 - 5*r**2 - 3*r + 4. Let g be z(-4). Suppose -6*n + 4*n + 90 = g. What is the tens digit of n?
4
Let r = -155 + 1020. What is the units digit of r?
5
Let w(k) = -k. Let p(o) = -5*o + 6 + 4*o - 2*o. Let f(g) = p(g) + 2*w(g). What is the units digit of f(-5)?
1
Let a = 836 + -574. What is the tens digit of a?
6
Suppose -105 = -3*n + 2*n. Let a = n + -36. What is the units digit of a?
9
What is the units digit of (-7 + -323 - -11)*-7?
3
Let w(n) = n**3 - 17*n**2 - 22*n - 13. What is the hundreds digit of w(21)?
2
Suppose 4*m - 15601 = 5*z + 7172, 0 = 4*m - z - 22769. What is the units digit of m?
2
Let s(b) = b**3 + 14*b**2 + 13*b + 4. Let v be s(-13). Let o be 20/15 - v/(-6). Let t(a) = 3*a**2 + a - 1. What is the tens digit of t(o)?
1
Suppose -24*g = -12*g. Let i(a) = -a**3 - a**2 + 76 + 2*a + 0*a + 2*a**3 - a. What is the tens digit of i(g)?
7
Let t(f) = f**3 + 3*f**2 - 33*f - 11. What is the hundreds digit of t(9)?
6
Suppose 5*n - 31 = -4*r - 8, -5 = n. Suppose r*x - 1 = 23. What is the units digit of x?
2
Let s be -7 - -11 - (73 + 0 + 0). Let h = s + 141. What is the tens digit of h?
7
Suppose -4*i + 2208 = 4*i. Suppose 0 = -4*z + 6*w - 7*w + 213, -2*w = -5*z + i. What is the tens digit of z?
5
Let r be 7/(-35) - (-52)/10. Let a = 65 + r. What is the tens digit of a?
7
Suppose -4*z = -g - 19, 2 = 2*z - 0*g - 2*g. What is the units digit of z?
6
Let m = 25 - 20. Suppose 0 = 3*l + g - 98, -4*l + m*g = 51 - 169. What is the tens digit of l?
3
Let t = -46 - -49. Suppose -q - t*g = -0*q - 92, -q + 2*g + 77 = 0. What is the units digit of q?
3
Suppose -7 = -4*k + 1. Suppose -5*l + 2*g = -4*l + 18, k*l + 36 = -g. Let x = l - -64. What is the units digit of x?
6
Let l(i) = 19*i**2 - 2*i + 32. What is the hundreds digit of l(-5)?
5
Let n be (-4)/18 + 2922/27 + -3. Let c = 215 - n. What is the units digit of c?
0
Let o be (-2)/(370/62 + -6). Let i = 20 + -5. Suppose o = -i*y + 17*y. What is the units digit of y?
1
Suppose 5*a - 3*a = -18. Let v(d) = 8*d**3 + 2*d**2 - d + 3. Let b be v(2). What is the units digit of a/36 - b/(-4)?
8
Let w(t) be the first derivative of -t**2 + 6 + t - 1/4*t**4 - t**3. What is the units digit of w(-3)?
7
Suppose 0 = -4*i + 241 + 171. What is the units digit of i?
3
Suppose 2*a + 6*r = 4*r + 68, 2*r + 56 = 2*a. What is the units digit of a?
1
Suppose 0 = 4*u - 790 - 1838. What is the hundreds digit of u?
6
Let s(g) = -7*g - 3. Let m(w) be the second derivative of -w**5/20 + w**4/6 + w**3/6 + 2*w**2 + 3*w. Let p be m(3). What is the tens digit of s(p)?
1
Suppose 10 = -p + 4*s - 6*s, -25 = -p + 5*s. Suppose g + 5*n - 104 = p, -g - 14*n + 16*n = -125. What is the units digit of g?
9
Let b = 227 - -126. What is the tens digit of b?
5
Suppose 2*g = g + 5*j + 10, -5*g + 2*j + 73 = 0. What is the units digit of 1/(-5) + 3/g*521?
4
Let p(f) be the third derivative of 91*f**4/24 - 5*f**2. What is the tens digit of p(1)?
9
Suppose 3*c + 130 = -2*r, 4*r + 4*c + 149 = -119. Let u = 5 - 8. What is the tens digit of r/u - 2/3?
2
Let g(r) = r**3 + 14*r**2 + 13*r. Let v(m) = -m**3 - m**2 - 1. Let q be v(2). Let l be g(q). What is the units digit of (l + -29)*(-8)/8?
9
Let m(o) = -4*o + 31. Suppose 4*r + 50 = -3*a, -5*a - 81 + 21 = 2*r. What is the tens digit of m(a)?
7
Let j(y) = 375*y**2 + 50*y - 99. What is the hundreds digit of j(2)?
5
Suppose 0 = 25*g - 18594 - 706. What is the hundreds digit of g?
7
Suppose 9*h + 120 - 282 = 0. What is the hundreds digit of (81/h)/(1/(-68)*-2)?
1
Let a be -5*((-48)/(-30))/(-4). What is the units digit of (-14 + 17)*38/a?
7
Let s be (-2 + 2)/(0 - -4 - 3). Suppose s = v + 4*x - 131, 1 - 3 = -x. What is the hundreds digit of v?
1
Suppose -5*y + 9160 = -2*b, -3*y + 2*b = -6*y + 5480. What is the hundreds digit of y?
8
Let s = 867 - 644. What is the units digit of s?
3
Let r(q) = 272*q + 259. What is the thousands digit of r(15)?
4
Let a = -2189 + 3777. What is the thousands digit of a?
1
What is the units digit of 16/72*-150*-3?
0
Suppose -p - 6 = -3*p. Suppose 5 = 4*i - p*i. Suppose 62 + 18 = i*s. What is the units digit of s?
6
Suppose 18 + 12 = 6*m. Suppose 322 = m*l - 1033. What is the units digit of l?
1
What is the tens digit of -1*(-4 + 7)*-321?
6
Suppose -3*z = -3*u - 459, 0*z - 2*u + 765 = 5*z. Let n = z + -90. What is the tens digit of n?
6
Let d = 16 - -220. What is the units digit of d?
6
Let p = 123 - 117. What is the units digit of p?
6
Suppose 4*g - 3*g = 9. Suppose -210 = -14*a + g*a. What is the units digit of a?
2
Let s(c) = -c**3 + 7*c**2 + 8*c + 1. Suppose 1 = -2*u + 17. Suppose 32 = 5*x - u. What is the units digit of s(x)?
1
Let d(j) = j**2 + 11*j. Let s be d(-8). What is the hundreds digit of -202*18/s*2/3?
1
Let j(y) = y + 11. Let h be j(-9). Suppose 4*g - h*t = 586, 4*g - 4*t = 322 + 262. What is the hundreds digit of g?
1
Let q(n) = n. Let b be q(2). Suppose -u = b*y - 49, -57 = -2*u - 2*y + 51. What is the tens digit of u?
5
Suppose 0 = 5*j - 4*j - 1, 3*v + 2*j = 14. Suppose 0*y = -2*y - 10, -50 = 5*z + v*y. What is the units digit of ((-39)/z + -3)*14?
9
Suppose -143*m + 141*m - 5*l = -4306, 5*m - 4*l - 10765 = 0. What is the tens digit of m?
5
Suppose 0 = 5*d - 10*d - 400. Let g(l) = -84*l - 45. Let t be g(-2). Let h = t + d. What is the units digit of h?
3
Let f = -79 + 111. Suppose 10*x = f + 1388. What is the tens digit of x?
4
Let a = -656 - -1053. What is the hundreds digit of a?
3
Let i be (-37)/(-7) - 4/14. Suppose 0*f - 100 = -i*f. Suppose 2*g = f - 0. What is the units digit of g?
0
Let p = -3491 + 7994. What is the thousands digit of p?
4
What is the thousands digit of -3 - (-237785)/133 - (-2)/14?
1
Let p(q) be the second derivative of -2*q**3 + 9*q**2/2 + 6*q. What is the units digit of p(-4)?
7
Suppose -3*v - 11 + 23 = 0. Suppose s - 46 = -2*h, 4*s + 5*h = -0*h + 193. Suppose 2*u + 2*n - s = 0, -v*n = u - 4*u + 85. What is the units digit of u?
7
Let a = 241 - 237. Let q = 60 - 19. Suppose -3*t = r + 2*r - 42, a*r + t = q. What is the units digit of r?
9
Let y(r) = r**3 - 6*r**2 + 7*r - 1. Let a be y(5). Let v(u) = -1 - 7 + 3*u**2 - a - 8*u. What is the tens digit of v(7)?
7
Suppose 0 = -0*i + 11*i. Suppose -16*z + 11*z + 465 = i. What is the units digit of z?
3
Let y(b) = 3*b**2 - 44*b + 6. What is the units digit of y(-10)?
6
Suppose -9 - 1 = -5*y - 5*u, 0 = -y + u - 8. Let r be 31 - (-3 + -2 - y). Suppose -x -